{"id":480,"date":"2026-04-13T17:53:54","date_gmt":"2026-04-13T17:53:54","guid":{"rendered":"https:\/\/olive-dogfish-121566.hostingersite.com\/?post_type=service&#038;p=480"},"modified":"2026-04-30T16:15:45","modified_gmt":"2026-04-30T15:15:45","slug":"monitorizacao-e-avaliacao","status":"publish","type":"service","link":"https:\/\/orladesign.org\/en\/servicos\/monitorizacao-e-avaliacao\/","title":{"rendered":"Monitoring and Evaluation"},"content":{"rendered":"<div style=\"height:36px\" aria-hidden=\"true\" class=\"wp-block-spacer\"><\/div>\n\n\n\n<div class=\"wp-block-cover alignfull has-parallax\" style=\"min-height:250px;aspect-ratio:unset;\"><div class=\"wp-block-cover__image-background wp-image-628 size-full has-parallax\" style=\"background-position:50% 50%;background-image:url(https:\/\/orladesign.org\/wp-content\/uploads\/2026\/04\/60594674-77D4-4B4B-A25D-8E3BF932C187_1_105_c.jpeg)\"><\/div><span aria-hidden=\"true\" class=\"wp-block-cover__background has-background-dim-0 has-background-dim\"><\/span><div class=\"wp-block-cover__inner-container is-layout-constrained wp-block-cover-is-layout-constrained\">\n<p class=\"has-text-align-center has-large-font-size\"><\/p>\n<\/div><\/div>\n\n\n\n<div class=\"wp-block-group is-layout-constrained wp-block-group-is-layout-constrained\" style=\"padding-bottom:var(--wp--preset--spacing--80)\">\n<p class=\"is-style-tag has-or-dark-color has-text-color has-link-color wp-elements-5c3e11985fba88bebd8d90bae50936cf\"><a href=\"\/en\/colaboracao-governacao-e-resiliencia-coletiva\/\" data-type=\"page\" data-id=\"376\">Collaboration, Governance and Collective Resilience<\/a> &gt; <a href=\"\/en\/servicos\/monitorizacao-e-avaliacao\/\" data-type=\"page\" data-id=\"450\">Monitoring and Evaluation<\/a><\/p>\n\n\n\n<div style=\"height:1rem\" aria-hidden=\"true\" class=\"wp-block-spacer\"><\/div>\n\n\n\n<figure class=\"wp-block-image aligncenter size-full is-resized\"><img loading=\"lazy\" decoding=\"async\" width=\"549\" height=\"549\" src=\"https:\/\/orladesign.org\/wp-content\/uploads\/2026\/03\/new-collaboration-e1772821913627.png\" alt=\"\" class=\"wp-image-179\" style=\"object-fit:contain;width:120px;height:120px\" srcset=\"https:\/\/orladesign.org\/wp-content\/uploads\/2026\/03\/new-collaboration-e1772821913627.png 549w, https:\/\/orladesign.org\/wp-content\/uploads\/2026\/03\/new-collaboration-e1772821913627-300x300.png 300w, https:\/\/orladesign.org\/wp-content\/uploads\/2026\/03\/new-collaboration-e1772821913627-150x150.png 150w, https:\/\/orladesign.org\/wp-content\/uploads\/2026\/03\/new-collaboration-e1772821913627-12x12.png 12w\" sizes=\"auto, (max-width: 549px) 100vw, 549px\" \/><\/figure>\n\n\n\n<h1 class=\"wp-block-orla-plus-animated-sentence-underline big-size center\" data-delay=\"700\" data-style=\"marker\"><span class=\"animated-underline\" data-index=\"0\" style=\"--stroke-color:#6A9A9D\">Monitoring and<svg viewbox=\"0 0 300 40\" preserveaspectratio=\"none\"><path d=\"M10 22 Q150 18 290 22 L290 30 Q150 26 10 30 Z\"><\/path><\/svg><\/span> <span class=\"animated-underline\" data-index=\"1\" style=\"--stroke-color:#6A9A9D\">Evaluation<svg viewbox=\"0 0 300 40\" preserveaspectratio=\"none\"><path d=\"M10 22 Q150 18 290 22 L290 30 Q150 26 10 30 Z\"><\/path><\/svg><\/span><\/h1>\n\n\n\n<div style=\"height:1rem\" aria-hidden=\"true\" class=\"wp-block-spacer\"><\/div>\n\n\n\n<div class=\"wp-block-group has-or-beige-color has-or-blue-background-color has-text-color has-background has-link-color has-heading-1-font-size wp-elements-19111f706f0c57c047af1b0eee30b7e5 is-content-justification-left is-layout-constrained wp-container-core-group-is-layout-eabac463 wp-block-group-is-layout-constrained\" style=\"padding-top:var(--wp--preset--spacing--60);padding-right:var(--wp--preset--spacing--60);padding-bottom:var(--wp--preset--spacing--60);padding-left:var(--wp--preset--spacing--60)\">\n<p class=\"wp-block-orla-plus-animated-paragraph has-text-align-center orla-animated-paragraph  use-primary-font\">Monitoring and Evaluation enables the reflective assessment of progress, impact, and adaptive capacity over time.<\/p>\n<\/div>\n<\/div>\n\n\n\n<div class=\"wp-block-group alignwide has-or-beige-100-background-color has-background is-layout-constrained wp-block-group-is-layout-constrained\" style=\"padding-top:var(--wp--preset--spacing--80);padding-bottom:var(--wp--preset--spacing--80)\">\n<div class=\"wp-block-columns alignfull are-vertically-aligned-bottom is-layout-flex wp-container-core-columns-is-layout-28f84493 wp-block-columns-is-layout-flex\">\n<div class=\"wp-block-column is-vertically-aligned-bottom is-layout-flow wp-block-column-is-layout-flow\" style=\"flex-basis:66.66%\">\n<div class=\"wp-block-group with-box-shadow has-or-beige-background-color has-background is-layout-constrained wp-container-core-group-is-layout-7f445797 wp-block-group-is-layout-constrained\" style=\"padding-top:var(--wp--preset--spacing--60);padding-right:var(--wp--preset--spacing--60);padding-bottom:var(--wp--preset--spacing--60);padding-left:var(--wp--preset--spacing--60)\">\n<section class=\"wp-block-orla-plus-process-section orla-process\"><div class=\"orla-process-inner\"><svg class=\"orla-process-path\" preserveaspectratio=\"none\"><path><\/path><\/svg>\n<div class=\"wp-block-orla-plus-process-step orla-process-step align-left\"><div class=\"orla-process-dot\"><img decoding=\"async\" src=\"https:\/\/orladesign.org\/wp-content\/uploads\/2026\/03\/dot-blue.png\" alt=\"\"\/><\/div><div class=\"orla-process-text\"><h3><strong><strong><strong>When is it relevant?<\/strong><\/strong><\/strong><\/h3><p>This work is relevant, when initiatives seek to understand their ecological and social impact, refine strategy, or respond to accountability requirements.<\/p><\/div><\/div>\n\n\n\n<div class=\"wp-block-orla-plus-process-step orla-process-step align-left\"><div class=\"orla-process-dot\"><img decoding=\"async\" src=\"https:\/\/orladesign.org\/wp-content\/uploads\/2026\/03\/dot-green.png\" alt=\"\"\/><\/div><div class=\"orla-process-text\"><h3><strong><strong><strong>What do we do?<\/strong><\/strong><\/strong><\/h3><p>The evaluation becomes a feedback loop that reinforces adaptive governance and long-term resilience.<\/p><\/div><\/div>\n\n\n\n<div class=\"wp-block-orla-plus-process-step orla-process-step align-left blue\"><div class=\"orla-process-dot\"><img decoding=\"async\" src=\"https:\/\/orladesign.org\/wp-content\/uploads\/2026\/03\/dot-blue.png\" alt=\"\"\/><\/div><div class=\"orla-process-text\"><h3><strong><strong><strong><strong>Typical outcomes<\/strong><\/strong><\/strong><\/strong><\/h3><ul class=\"orla-process-list\"><li><span>Context-specific indicator models<\/span><\/li><li><span>Participatory assessment tools<\/span><\/li><li><span>Improved strategic adaptation<\/span><\/li><li><span>Strengthened accountability and transparency<\/span><\/li><\/ul><\/div><\/div>\n<\/div><\/section>\n<\/div>\n<\/div>\n\n\n\n<div class=\"wp-block-column is-vertically-aligned-bottom is-layout-flow wp-block-column-is-layout-flow\" style=\"flex-basis:33.33%\">\n<div class=\"wp-block-orla-plus-field-note orla-field-note orange\" style=\"background:#fefbef;transition-delay:1400ms\"><h3><strong><strong>How is learning embedded?<\/strong><\/strong><\/h3><p>Meetings become moments of co-creation, shared insight, reflection and healthier relational dynamics.<\/p><\/div>\n<\/div>\n<\/div>\n<\/div>\n\n\n\n<div class=\"wp-block-group has-background is-layout-constrained wp-block-group-is-layout-constrained\" style=\"background-color:#16383c;padding-top:var(--wp--preset--spacing--80);padding-bottom:var(--wp--preset--spacing--80)\">\n<div class=\"wp-block-columns alignwide are-vertically-aligned-center has-or-beige-color has-text-color has-link-color wp-elements-46f4172d7969842cda0bcb411425ecae is-layout-flex wp-container-core-columns-is-layout-28f84493 wp-block-columns-is-layout-flex\">\n<div class=\"wp-block-column is-vertically-aligned-center is-layout-flow wp-block-column-is-layout-flow\" style=\"flex-basis:50%\">\n<p class=\"is-style-simple-tag has-or-blue-100-color has-text-color has-link-color wp-elements-4263cf6bdae552fee3239335bfa61c66\"><strong>Example Project<\/strong><\/p>\n\n\n\n<h3 class=\"wp-block-heading has-heading-2-font-size\" style=\"text-transform:none\">Bioregional Network \u2013 Participatory Monitoring and Strategic Reflection<\/h3>\n\n\n\n<hr class=\"wp-block-separator has-alpha-channel-opacity\" style=\"margin-bottom:2rem\"\/>\n\n\n\n<p class=\"wp-block-orla-plus-animated-paragraph orla-animated-paragraph\">We supported a collaborative network in initiating a participatory process to collectively monitor and evaluate the progress of a shared strategy for collective efficiency. The process opened space for reflection, alignment, and shared sense-making, strengthening learning and adaptive coordination across the network.<\/p>\n<\/div>\n\n\n\n<div class=\"wp-block-column is-vertically-aligned-center is-layout-flow wp-block-column-is-layout-flow\" style=\"flex-basis:50%\">\n<figure class=\"wp-block-image size-full is-style-image-border service-img\"><img loading=\"lazy\" decoding=\"async\" width=\"1280\" height=\"1130\" src=\"https:\/\/orladesign.org\/wp-content\/uploads\/2026\/04\/Screenshot-2026-04-30-at-13.17.47.png\" alt=\"\" class=\"wp-image-816\" srcset=\"https:\/\/orladesign.org\/wp-content\/uploads\/2026\/04\/Screenshot-2026-04-30-at-13.17.47.png 1280w, https:\/\/orladesign.org\/wp-content\/uploads\/2026\/04\/Screenshot-2026-04-30-at-13.17.47-300x265.png 300w, https:\/\/orladesign.org\/wp-content\/uploads\/2026\/04\/Screenshot-2026-04-30-at-13.17.47-1024x904.png 1024w, https:\/\/orladesign.org\/wp-content\/uploads\/2026\/04\/Screenshot-2026-04-30-at-13.17.47-768x678.png 768w, https:\/\/orladesign.org\/wp-content\/uploads\/2026\/04\/Screenshot-2026-04-30-at-13.17.47-14x12.png 14w\" sizes=\"auto, (max-width: 1280px) 100vw, 1280px\" \/><\/figure>\n<\/div>\n<\/div>\n<\/div>\n\n\n\n<div class=\"wp-block-group alignfull overflow-hidden is-layout-constrained wp-block-group-is-layout-constrained\">\n<div style=\"height:var(--wp--preset--spacing--card-padding)\" aria-hidden=\"true\" class=\"wp-block-spacer is-style-hide-mobile\"><\/div>\n\n\n\n<hr class=\"wp-block-separator alignwide has-text-color has-or-dark-color has-alpha-channel-opacity has-or-dark-background-color has-background\" style=\"margin-top:var(--wp--preset--spacing--card-padding);margin-bottom:5rem\"\/>\n\n\n\n<div class=\"wp-block-columns alignwide is-layout-flex wp-container-core-columns-is-layout-9c22b1e3 wp-block-columns-is-layout-flex\">\n<div class=\"wp-block-column is-layout-flow wp-block-column-is-layout-flow\">\n<h2 class=\"wp-block-heading no-margin-mobile\">Contact Us<\/h2>\n<\/div>\n\n\n\n<div class=\"wp-block-column is-layout-flow wp-block-column-is-layout-flow\" style=\"flex-basis:66%\">\n<div class=\"wp-block-group alignfull no-padding-x-mobile is-content-justification-left is-layout-constrained wp-container-core-group-is-layout-1ec0b472 wp-block-group-is-layout-constrained\" style=\"padding-right:var(--wp--preset--spacing--60);padding-bottom:var(--wp--preset--spacing--60);padding-left:var(--wp--preset--spacing--60)\">\n<p class=\"wp-block-orla-plus-animated-paragraph orla-animated-paragraph big-size use-primary-font\">If your initiative is seeking to reflect on impact, adapt strategy, or design participatory evaluation frameworks, we invite you to start a conversation about how learning-oriented monitoring can support your next phase.<\/p>\n\n\n\n<div style=\"height:1rem\" aria-hidden=\"true\" class=\"wp-block-spacer\"><\/div>\n\n\n\n<a class=\"wp-block-orla-plus-handdrawn-button orla-button blue primary\" href=\"\/en\/conecte\/\"><span class=\"label\">Start conversation<\/span><svg viewbox=\"0 0 200 60\" preserveaspectratio=\"none\"><path d=\"M5 5 Q100 0 195 5 Q200 30 195 55 Q100 60 5 55 Q0 30 5 5 Z\"><\/path><\/svg><\/a>\n<\/div>\n<\/div>\n<\/div>\n<\/div>","protected":false},"excerpt":{"rendered":"<p>Colabora\u00e7\u00e3o, Governan\u00e7a e Resili\u00eancia Coletiva &gt; Monitoriza\u00e7\u00e3o e Avalia\u00e7\u00e3o Projeto de exemplo Rede Biorregional \u2013 Monitoriza\u00e7\u00e3o Participativa e Reflex\u00e3o Estrat\u00e9gica Contacte-nos<\/p>","protected":false},"author":2,"featured_media":0,"parent":0,"menu_order":0,"template":"","meta":{"_EventAllDay":false,"_EventTimezone":"","_EventStartDate":"","_EventEndDate":"","_EventStartDateUTC":"","_EventEndDateUTC":"","_EventShowMap":false,"_EventShowMapLink":false,"_EventURL":"","_EventCost":"","_EventCostDescription":"","_EventCurrencySymbol":"","_EventCurrencyCode":"","_EventCurrencyPosition":"","_EventDateTimeSeparator":"","_EventTimeRangeSeparator":"","_EventOrganizerID":[],"_EventVenueID":[],"_OrganizerEmail":"","_OrganizerPhone":"","_OrganizerWebsite":"","_VenueAddress":"","_VenueCity":"","_VenueCountry":"","_VenueProvince":"","_VenueState":"","_VenueZip":"","_VenuePhone":"","_VenueURL":"","_VenueStateProvince":"","_VenueLat":"","_VenueLng":"","_VenueShowMap":false,"_VenueShowMapLink":false},"categories":[],"tags":[],"class_list":["post-480","service","type-service","status-publish","hentry"],"_links":{"self":[{"href":"https:\/\/orladesign.org\/en\/wp-json\/wp\/v2\/service\/480","targetHints":{"allow":["GET"]}}],"collection":[{"href":"https:\/\/orladesign.org\/en\/wp-json\/wp\/v2\/service"}],"about":[{"href":"https:\/\/orladesign.org\/en\/wp-json\/wp\/v2\/types\/service"}],"author":[{"embeddable":true,"href":"https:\/\/orladesign.org\/en\/wp-json\/wp\/v2\/users\/2"}],"wp:attachment":[{"href":"https:\/\/orladesign.org\/en\/wp-json\/wp\/v2\/media?parent=480"}],"wp:term":[{"taxonomy":"category","embeddable":true,"href":"https:\/\/orladesign.org\/en\/wp-json\/wp\/v2\/categories?post=480"},{"taxonomy":"post_tag","embeddable":true,"href":"https:\/\/orladesign.org\/en\/wp-json\/wp\/v2\/tags?post=480"}],"curies":[{"name":"wp","href":"https:\/\/api.w.org\/{rel}","templated":true}]}}

<p>Colaboração, Governança e Resiliência Coletiva &gt; Monitorização e Avaliação Projeto de exemplo Rede Biorregional – Monitorização Participativa e Reflexão Estratégica Contacte-nos</p>
