{"id":478,"date":"2026-04-13T17:48:14","date_gmt":"2026-04-13T17:48:14","guid":{"rendered":"https:\/\/olive-dogfish-121566.hostingersite.com\/?post_type=service&#038;p=478"},"modified":"2026-04-30T16:16:12","modified_gmt":"2026-04-30T15:16:12","slug":"tecelagem-de-redes","status":"publish","type":"service","link":"https:\/\/orladesign.org\/en\/servicos\/tecelagem-de-redes\/","title":{"rendered":"Network Building"},"content":{"rendered":"<div style=\"height:36px\" aria-hidden=\"true\" class=\"wp-block-spacer\"><\/div>\n\n\n\n<div class=\"wp-block-cover alignfull has-parallax\" style=\"min-height:250px;aspect-ratio:unset;\"><div class=\"wp-block-cover__image-background wp-image-628 size-full has-parallax\" style=\"background-position:50% 50%;background-image:url(https:\/\/orladesign.org\/wp-content\/uploads\/2026\/04\/60594674-77D4-4B4B-A25D-8E3BF932C187_1_105_c.jpeg)\"><\/div><span aria-hidden=\"true\" class=\"wp-block-cover__background has-background-dim-0 has-background-dim\"><\/span><div class=\"wp-block-cover__inner-container is-layout-constrained wp-block-cover-is-layout-constrained\">\n<p class=\"has-text-align-center has-large-font-size\"><\/p>\n<\/div><\/div>\n\n\n\n<div class=\"wp-block-group is-layout-constrained wp-block-group-is-layout-constrained\" style=\"padding-bottom:var(--wp--preset--spacing--80)\">\n<p class=\"is-style-tag has-or-dark-color has-text-color has-link-color wp-elements-abaca34165e93c53ca2987e08644ca44\"><a href=\"\/en\/colaboracao-governacao-e-resiliencia-coletiva\/\" data-type=\"page\" data-id=\"376\">Collaboration, Governance and Collective Resilience<\/a> &gt; <a href=\"\/en\/servicos\/tecelagem-de-redes\/\" data-type=\"page\" data-id=\"450\">Network Building<\/a><\/p>\n\n\n\n<div style=\"height:1rem\" aria-hidden=\"true\" class=\"wp-block-spacer\"><\/div>\n\n\n\n<figure class=\"wp-block-image aligncenter size-full is-resized\"><img loading=\"lazy\" decoding=\"async\" width=\"549\" height=\"549\" src=\"https:\/\/orladesign.org\/wp-content\/uploads\/2026\/03\/new-collaboration-e1772821913627.png\" alt=\"\" class=\"wp-image-179\" style=\"object-fit:contain;width:120px;height:120px\" srcset=\"https:\/\/orladesign.org\/wp-content\/uploads\/2026\/03\/new-collaboration-e1772821913627.png 549w, https:\/\/orladesign.org\/wp-content\/uploads\/2026\/03\/new-collaboration-e1772821913627-300x300.png 300w, https:\/\/orladesign.org\/wp-content\/uploads\/2026\/03\/new-collaboration-e1772821913627-150x150.png 150w, https:\/\/orladesign.org\/wp-content\/uploads\/2026\/03\/new-collaboration-e1772821913627-12x12.png 12w\" sizes=\"auto, (max-width: 549px) 100vw, 549px\" \/><\/figure>\n\n\n\n\n\n<\/p>\n\n\n\n<h1 class=\"wp-block-orla-plus-animated-sentence-underline big-size center\" data-delay=\"700\" data-style=\"marker\"><span class=\"animated-underline\" data-index=\"0\" style=\"--stroke-color:#6A9A9D\">Network<svg viewbox=\"0 0 300 40\" preserveaspectratio=\"none\"><path d=\"M10 22 Q150 18 290 22 L290 30 Q150 26 10 30 Z\"><\/path><\/svg><\/span> <span class=\"animated-underline\" data-index=\"1\" style=\"--stroke-color:#6A9A9D\">Building<svg viewbox=\"0 0 300 40\" preserveaspectratio=\"none\"><path d=\"M10 22 Q150 18 290 22 L290 30 Q150 26 10 30 Z\"><\/path><\/svg><\/span><\/h1>\n\n\n<p>\n\n\n\n<div style=\"height:1rem\" aria-hidden=\"true\" class=\"wp-block-spacer\"><\/div>\n\n\n\n<div class=\"wp-block-group has-or-beige-color has-or-blue-background-color has-text-color has-background has-link-color has-heading-1-font-size wp-elements-fa519faaaef7067530d0bf58a575cc86 is-content-justification-left is-layout-constrained wp-container-core-group-is-layout-eabac463 wp-block-group-is-layout-constrained\" style=\"padding-top:var(--wp--preset--spacing--60);padding-right:var(--wp--preset--spacing--60);padding-bottom:var(--wp--preset--spacing--60);padding-left:var(--wp--preset--spacing--60)\">\n<p class=\"wp-block-orla-plus-animated-paragraph has-text-align-center orla-animated-paragraph  use-primary-font\">Network Building cultivates meaningful connections across territories, initiatives, and sectors, strengthening collaborative ecosystems through intentional relationships and shared purpose.<\/p>\n<\/div>\n<\/div>\n\n\n\n<div class=\"wp-block-group alignwide has-or-beige-100-background-color has-background is-layout-constrained wp-block-group-is-layout-constrained\" style=\"padding-top:var(--wp--preset--spacing--80);padding-bottom:var(--wp--preset--spacing--80)\">\n<div class=\"wp-block-columns alignfull are-vertically-aligned-bottom is-layout-flex wp-container-core-columns-is-layout-28f84493 wp-block-columns-is-layout-flex\">\n<div class=\"wp-block-column is-vertically-aligned-bottom is-layout-flow wp-block-column-is-layout-flow\" style=\"flex-basis:66.66%\">\n<div class=\"wp-block-group with-box-shadow has-or-beige-background-color has-background is-layout-constrained wp-container-core-group-is-layout-7f445797 wp-block-group-is-layout-constrained\" style=\"padding-top:var(--wp--preset--spacing--60);padding-right:var(--wp--preset--spacing--60);padding-bottom:var(--wp--preset--spacing--60);padding-left:var(--wp--preset--spacing--60)\">\n<section class=\"wp-block-orla-plus-process-section orla-process\"><div class=\"orla-process-inner\"><svg class=\"orla-process-path\" preserveaspectratio=\"none\"><path><\/path><\/svg>\n<div class=\"wp-block-orla-plus-process-step orla-process-step align-left\"><div class=\"orla-process-dot\"><img decoding=\"async\" src=\"https:\/\/orladesign.org\/wp-content\/uploads\/2026\/03\/dot-blue.png\" alt=\"\"\/><\/div><div class=\"orla-process-text\"><h3><strong><strong><strong>When is it relevant?<\/strong><\/strong><\/strong><\/h3><p>This work is relevant, when initiatives seek to move beyond isolated action, weaving strategic alliances and synergies for greater systemic impact.<\/p><\/div><\/div>\n\n\n\n<div class=\"wp-block-orla-plus-process-step orla-process-step align-left\"><div class=\"orla-process-dot\"><img decoding=\"async\" src=\"https:\/\/orladesign.org\/wp-content\/uploads\/2026\/03\/dot-green.png\" alt=\"\"\/><\/div><div class=\"orla-process-text\"><h3><strong><strong><strong>What do we do?<\/strong><\/strong><\/strong><\/h3><p>We design and facilitate network gatherings, map stakeholder ecosystems, and support processes that cultivate shared understanding and collective direction among diverse actors.<\/p><\/div><\/div>\n\n\n\n<div class=\"wp-block-orla-plus-process-step orla-process-step align-left blue\"><div class=\"orla-process-dot\"><img decoding=\"async\" src=\"https:\/\/orladesign.org\/wp-content\/uploads\/2026\/03\/dot-blue.png\" alt=\"\"\/><\/div><div class=\"orla-process-text\"><h3><strong><strong><strong><strong>Typical outcomes<\/strong><\/strong><\/strong><\/strong><\/h3><ul class=\"orla-process-list\"><li><span>Strengthened territorial networks<\/span><\/li><li><span>Shared strategic frameworks<\/span><\/li><li><span>Increased cross-sector collaboration<\/span><\/li><li><span>Greater systemic coherence and impact<\/span><\/li><\/ul><\/div><\/div>\n<\/div><\/section>\n<\/div>\n<\/div>\n\n\n\n<div class=\"wp-block-column is-vertically-aligned-bottom is-layout-flow wp-block-column-is-layout-flow\" style=\"flex-basis:33.33%\">\n<div class=\"wp-block-orla-plus-field-note orla-field-note orange\" style=\"background:#fefbef;transition-delay:1400ms\"><h3><strong><strong>How is learning embedded?<\/strong><\/strong><\/h3><p>Networks become learning communities. Knowledge circulates, practices are shared, and collective intelligence strengthens across scales.<\/p><\/div>\n<\/div>\n<\/div>\n<\/div>\n\n\n\n<div class=\"wp-block-group has-background is-layout-constrained wp-block-group-is-layout-constrained\" style=\"background-color:#16383c;padding-top:var(--wp--preset--spacing--80);padding-bottom:var(--wp--preset--spacing--80)\">\n<div class=\"wp-block-columns alignwide are-vertically-aligned-center has-or-beige-color has-text-color has-link-color wp-elements-9d49427a5b63ba50f2e792df0295dad6 is-layout-flex wp-container-core-columns-is-layout-28f84493 wp-block-columns-is-layout-flex\">\n<div class=\"wp-block-column is-vertically-aligned-center is-layout-flow wp-block-column-is-layout-flow\" style=\"flex-basis:50%\">\n<p class=\"is-style-simple-tag has-or-blue-100-color has-text-color has-link-color wp-elements-4263cf6bdae552fee3239335bfa61c66\"><strong>Example Project<\/strong><\/p>\n\n\n\n<h3 class=\"wp-block-heading has-heading-2-font-size\" style=\"text-transform:none\">PROVERE \u2014 project facilitation and support<\/h3>\n\n\n\n<hr class=\"wp-block-separator has-alpha-channel-opacity\" style=\"margin-bottom:2rem\"\/>\n\n\n\n<p class=\"wp-block-orla-plus-animated-paragraph orla-animated-paragraph\">We supported the development of a bioregional collaborative network by facilitating alignment among institutional, private, and civil society actors around a shared strategy for collective efficiency. The process fostered the exchange of practices, in situ learning, and the co-creation of integrated narratives, strengthening a common identity in support of regenerative tourism and increasing value of endogenous resources.<\/p>\n<\/div>\n\n\n\n<div class=\"wp-block-column is-vertically-aligned-center is-layout-flow wp-block-column-is-layout-flow\" style=\"flex-basis:50%\">\n<figure class=\"wp-block-image size-full is-style-image-border service-img\"><img loading=\"lazy\" decoding=\"async\" width=\"1200\" height=\"1200\" src=\"https:\/\/orladesign.org\/wp-content\/uploads\/2026\/04\/IMG-20241016-WA0006-edited.jpg\" alt=\"\" class=\"wp-image-807\" srcset=\"https:\/\/orladesign.org\/wp-content\/uploads\/2026\/04\/IMG-20241016-WA0006-edited.jpg 1200w, https:\/\/orladesign.org\/wp-content\/uploads\/2026\/04\/IMG-20241016-WA0006-edited-300x300.jpg 300w, https:\/\/orladesign.org\/wp-content\/uploads\/2026\/04\/IMG-20241016-WA0006-edited-1024x1024.jpg 1024w, https:\/\/orladesign.org\/wp-content\/uploads\/2026\/04\/IMG-20241016-WA0006-edited-150x150.jpg 150w, https:\/\/orladesign.org\/wp-content\/uploads\/2026\/04\/IMG-20241016-WA0006-edited-768x768.jpg 768w, https:\/\/orladesign.org\/wp-content\/uploads\/2026\/04\/IMG-20241016-WA0006-edited-12x12.jpg 12w\" sizes=\"auto, (max-width: 1200px) 100vw, 1200px\" \/><\/figure>\n<\/div>\n<\/div>\n<\/div>\n\n\n\n<div class=\"wp-block-group alignfull overflow-hidden is-layout-constrained wp-block-group-is-layout-constrained\">\n<div style=\"height:var(--wp--preset--spacing--card-padding)\" aria-hidden=\"true\" class=\"wp-block-spacer is-style-hide-mobile\"><\/div>\n\n\n\n<hr class=\"wp-block-separator alignwide has-text-color has-or-dark-color has-alpha-channel-opacity has-or-dark-background-color has-background\" style=\"margin-top:var(--wp--preset--spacing--card-padding);margin-bottom:5rem\"\/>\n\n\n\n<div class=\"wp-block-columns alignwide is-layout-flex wp-container-core-columns-is-layout-9c22b1e3 wp-block-columns-is-layout-flex\">\n<div class=\"wp-block-column is-layout-flow wp-block-column-is-layout-flow\">\n<h2 class=\"wp-block-heading no-margin-mobile\">Contact Us<\/h2>\n<\/div>\n\n\n\n<div class=\"wp-block-column is-layout-flow wp-block-column-is-layout-flow\" style=\"flex-basis:66%\">\n<div class=\"wp-block-group alignfull no-padding-x-mobile is-content-justification-left is-layout-constrained wp-container-core-group-is-layout-1ec0b472 wp-block-group-is-layout-constrained\" style=\"padding-right:var(--wp--preset--spacing--60);padding-bottom:var(--wp--preset--spacing--60);padding-left:var(--wp--preset--spacing--60)\">\n<p class=\"wp-block-orla-plus-animated-paragraph orla-animated-paragraph big-size use-primary-font\">If you are seeking to strengthen collaboration across initiatives or territories, we welcome an initial dialogue to explore how a network-building process could support systemic alignment.<\/p>\n\n\n\n<div style=\"height:1rem\" aria-hidden=\"true\" class=\"wp-block-spacer\"><\/div>\n\n\n\n<a class=\"wp-block-orla-plus-handdrawn-button orla-button blue primary\" href=\"\/en\/conecte\/\"><span class=\"label\">Start conversation<\/span><svg viewbox=\"0 0 200 60\" preserveaspectratio=\"none\"><path d=\"M5 5 Q100 0 195 5 Q200 30 195 55 Q100 60 5 55 Q0 30 5 5 Z\"><\/path><\/svg><\/a>\n<\/div>\n<\/div>\n<\/div>\n<\/div>","protected":false},"excerpt":{"rendered":"<p>Colabora\u00e7\u00e3o, Governan\u00e7a e Resili\u00eancia Coletiva &gt; Tecelagem de Redes Projeto de exemplo PROVERE \u2014 facilita\u00e7\u00e3o e acompanhamento de projeto Contacte-nos<\/p>","protected":false},"author":2,"featured_media":0,"parent":0,"menu_order":0,"template":"","meta":{"_EventAllDay":false,"_EventTimezone":"","_EventStartDate":"","_EventEndDate":"","_EventStartDateUTC":"","_EventEndDateUTC":"","_EventShowMap":false,"_EventShowMapLink":false,"_EventURL":"","_EventCost":"","_EventCostDescription":"","_EventCurrencySymbol":"","_EventCurrencyCode":"","_EventCurrencyPosition":"","_EventDateTimeSeparator":"","_EventTimeRangeSeparator":"","_EventOrganizerID":[],"_EventVenueID":[],"_OrganizerEmail":"","_OrganizerPhone":"","_OrganizerWebsite":"","_VenueAddress":"","_VenueCity":"","_VenueCountry":"","_VenueProvince":"","_VenueState":"","_VenueZip":"","_VenuePhone":"","_VenueURL":"","_VenueStateProvince":"","_VenueLat":"","_VenueLng":"","_VenueShowMap":false,"_VenueShowMapLink":false},"categories":[],"tags":[],"class_list":["post-478","service","type-service","status-publish","hentry"],"_links":{"self":[{"href":"https:\/\/orladesign.org\/en\/wp-json\/wp\/v2\/service\/478","targetHints":{"allow":["GET"]}}],"collection":[{"href":"https:\/\/orladesign.org\/en\/wp-json\/wp\/v2\/service"}],"about":[{"href":"https:\/\/orladesign.org\/en\/wp-json\/wp\/v2\/types\/service"}],"author":[{"embeddable":true,"href":"https:\/\/orladesign.org\/en\/wp-json\/wp\/v2\/users\/2"}],"wp:attachment":[{"href":"https:\/\/orladesign.org\/en\/wp-json\/wp\/v2\/media?parent=478"}],"wp:term":[{"taxonomy":"category","embeddable":true,"href":"https:\/\/orladesign.org\/en\/wp-json\/wp\/v2\/categories?post=478"},{"taxonomy":"post_tag","embeddable":true,"href":"https:\/\/orladesign.org\/en\/wp-json\/wp\/v2\/tags?post=478"}],"curies":[{"name":"wp","href":"https:\/\/api.w.org\/{rel}","templated":true}]}}

<p>Colaboração, Governança e Resiliência Coletiva &gt; Tecelagem de Redes Projeto de exemplo PROVERE — facilitação e acompanhamento de projeto Contacte-nos</p>
