{"id":746,"date":"2026-04-29T18:57:45","date_gmt":"2026-04-29T17:57:45","guid":{"rendered":"https:\/\/orladesign.org\/?post_type=recurring_event&#038;p=746"},"modified":"2026-04-29T19:12:14","modified_gmt":"2026-04-29T18:12:14","slug":"sextas-de-primavera-na-medronheira","status":"publish","type":"recurring_event","link":"https:\/\/orladesign.org\/en\/recurring-events\/sextas-de-primavera-na-medronheira\/","title":{"rendered":"Spring Fridays at Medronheira"},"content":{"rendered":"<p>Every Friday, we gather at Medronheira to care for the land and continue the post-fire landscape regeneration process. From planting and biomass management to building with burned wood and supporting natural regeneration, this is a space for hands-on action, learning, and community.<\/p>\n\n\n\n<p>An open invitation to anyone who wants to engage with the land and be part of a living regeneration process.<\/p>\n\n\n\n<div style=\"height:2rem\" aria-hidden=\"true\" class=\"wp-block-spacer\"><\/div>\n\n\n\n<div class=\"wp-block-group is-nowrap is-layout-flex wp-container-core-group-is-layout-f66f9956 wp-block-group-is-layout-flex\">\n<figure class=\"wp-block-image size-large is-resized\"><img loading=\"lazy\" decoding=\"async\" width=\"819\" height=\"1024\" src=\"https:\/\/orladesign.org\/wp-content\/uploads\/2026\/04\/SEXTAS-instagram-3-819x1024.png\" alt=\"\" class=\"wp-image-748\" style=\"width:400px\" srcset=\"https:\/\/orladesign.org\/wp-content\/uploads\/2026\/04\/SEXTAS-instagram-3-819x1024.png 819w, https:\/\/orladesign.org\/wp-content\/uploads\/2026\/04\/SEXTAS-instagram-3-240x300.png 240w, https:\/\/orladesign.org\/wp-content\/uploads\/2026\/04\/SEXTAS-instagram-3-768x960.png 768w, https:\/\/orladesign.org\/wp-content\/uploads\/2026\/04\/SEXTAS-instagram-3-10x12.png 10w, https:\/\/orladesign.org\/wp-content\/uploads\/2026\/04\/SEXTAS-instagram-3.png 1080w\" sizes=\"auto, (max-width: 819px) 100vw, 819px\" \/><\/figure>\n\n\n\n<div style=\"text-align:center;fill:#000000;height:60px;--highlight-color:#c15f13\" class=\"wp-block-orla-plus-icon-with-link icon-with-link wp-block-custom-icon\"><a class=\"custom-button__inner\" href=\"https:\/\/www.instagram.com\/p\/DW_KraHgGza\/?igsh=MTU1M3Ntd2gyMDFlag==\" target=\"_blank\" rel=\"noopener noreferrer\"><div class=\"icon-wrapper\" style=\"background:#f1ebd3\"><svg viewbox=\"0 0 64 64\" width=\"60\" height=\"60\" style=\"color:#000000;--icon-secondary:#f59951\" fill=\"#000000\"><g fill=\"none\" stroke=\"currentColor\" stroke-width=\"2.2\" stroke-linecap=\"round\" stroke-linejoin=\"round\"><path fill=\"var(--icon-secondary, #ffffff)\" d=\"M18 16 C18 14, 20 12, 22 12 L42 12 C44 12, 46 14, 46 16 L46 42 C46 44, 44 46, 42 46 L22 46 C20 46, 18 44, 18 42 Z\"><\/path><path d=\"M32 22 C36 22, 39 26, 37 30 C35 34, 29 34, 27 30 C25 26, 28 22, 32 22 Z\"><\/path><path d=\"M40 20 C41 20, 42 21, 41.5 22 C41 23, 39.5 23, 39 22 C38.5 21, 39 20, 40 20 Z\"><\/path><\/g><\/svg><\/div><\/a><\/div>\n<\/div>","protected":false},"excerpt":{"rendered":"<p>Todas as sextas-feiras, juntamo-nos na Medronheira para cuidar da terra e continuar o processo de regenera\u00e7\u00e3o da paisagem ap\u00f3s o inc\u00eandio. Entre planta\u00e7\u00f5es, gest\u00e3o de biomassa, constru\u00e7\u00e3o com madeira ardida [&hellip;]<\/p>\n","protected":false},"author":1,"featured_media":0,"template":"","meta":{"_EventAllDay":false,"_EventTimezone":"","_EventStartDate":"","_EventEndDate":"","_EventStartDateUTC":"","_EventEndDateUTC":"","_EventShowMap":false,"_EventShowMapLink":false,"_EventURL":"","_EventCost":"","_EventCostDescription":"","_EventCurrencySymbol":"","_EventCurrencyCode":"","_EventCurrencyPosition":"","_EventDateTimeSeparator":"","_EventTimeRangeSeparator":"","_EventOrganizerID":[],"_EventVenueID":[],"_OrganizerEmail":"","_OrganizerPhone":"","_OrganizerWebsite":"","_VenueAddress":"","_VenueCity":"","_VenueCountry":"","_VenueProvince":"","_VenueState":"","_VenueZip":"","_VenuePhone":"","_VenueURL":"","_VenueStateProvince":"","_VenueLat":"","_VenueLng":"","_VenueShowMap":false,"_VenueShowMapLink":false,"organizer_name":"Coletivo da Corte Medronheira","organizer_address":"","organizer_email":"cortemedronheira@gmail.com","location_name":"Corte Medronheira","location_address":"Bensafrim\nLagos\nPortugal ","hour":"10h \u00e0s 13h","weekday":"Sextas-feiras","recurring_event_thumbnail":"https:\/\/orladesign.org\/wp-content\/uploads\/2026\/04\/Screenshot-2026-04-29-at-18.58.01.png"},"class_list":["post-746","recurring_event","type-recurring_event","status-publish","hentry"],"_links":{"self":[{"href":"https:\/\/orladesign.org\/en\/wp-json\/wp\/v2\/recurring_event\/746","targetHints":{"allow":["GET"]}}],"collection":[{"href":"https:\/\/orladesign.org\/en\/wp-json\/wp\/v2\/recurring_event"}],"about":[{"href":"https:\/\/orladesign.org\/en\/wp-json\/wp\/v2\/types\/recurring_event"}],"author":[{"embeddable":true,"href":"https:\/\/orladesign.org\/en\/wp-json\/wp\/v2\/users\/1"}],"wp:attachment":[{"href":"https:\/\/orladesign.org\/en\/wp-json\/wp\/v2\/media?parent=746"}],"curies":[{"name":"wp","href":"https:\/\/api.w.org\/{rel}","templated":true}]}}

<p>Todas as sextas-feiras, juntamo-nos na Medronheira para cuidar da terra e continuar o processo de regeneração da paisagem após o incêndio. Entre plantações, gestão de biomassa, construção com madeira ardida [&hellip;]</p>

10h às 13h
