{"id":733,"date":"2026-04-29T18:00:30","date_gmt":"2026-04-29T17:00:30","guid":{"rendered":"https:\/\/orladesign.org\/?post_type=recurring_event&#038;p=733"},"modified":"2026-04-29T19:19:36","modified_gmt":"2026-04-29T18:19:36","slug":"tercas-feiras-de-regeneracao","status":"publish","type":"recurring_event","link":"https:\/\/orladesign.org\/en\/recurring-events\/tercas-feiras-de-regeneracao\/","title":{"rendered":"Tuesdays of Regen"},"content":{"rendered":"<p>Every Tuesday, we gather at Vale da Lama to care for the land and deepen practices in regenerative agriculture and ecosystem restoration. Through fieldwork, experimentation, and knowledge sharing, this becomes a space for active learning and engagement with the territory.<\/p>\n\n\n\n<p>Facilitated by Hugo Oliveira, this weekly gathering is an open invitation to anyone who wants to gain hands-on experience and take part in ongoing regeneration processes.<br><br><strong>More info and registration:<\/strong> <br><a href=\"https:\/\/www.valedalama.net\/pt\/tercas-feiras-de-regeneracao\/\">https:\/\/www.valedalama.net\/pt\/tercas-feiras-de-regeneracao\/<\/a><\/p>\n\n\n\n<div style=\"height:2rem\" aria-hidden=\"true\" class=\"wp-block-spacer\"><\/div>\n\n\n\n<div class=\"wp-block-group is-nowrap is-layout-flex wp-container-core-group-is-layout-f66f9956 wp-block-group-is-layout-flex\">\n<figure class=\"wp-block-image aligncenter size-large is-resized\"><img loading=\"lazy\" decoding=\"async\" width=\"717\" height=\"1024\" src=\"https:\/\/orladesign.org\/wp-content\/uploads\/2026\/04\/Screenshot-2026-04-29-at-17.25.51-717x1024.png\" alt=\"\" class=\"wp-image-745\" style=\"width:400px\" srcset=\"https:\/\/orladesign.org\/wp-content\/uploads\/2026\/04\/Screenshot-2026-04-29-at-17.25.51-717x1024.png 717w, https:\/\/orladesign.org\/wp-content\/uploads\/2026\/04\/Screenshot-2026-04-29-at-17.25.51-210x300.png 210w, https:\/\/orladesign.org\/wp-content\/uploads\/2026\/04\/Screenshot-2026-04-29-at-17.25.51-8x12.png 8w, https:\/\/orladesign.org\/wp-content\/uploads\/2026\/04\/Screenshot-2026-04-29-at-17.25.51.png 766w\" sizes=\"auto, (max-width: 717px) 100vw, 717px\" \/><\/figure>\n\n\n\n<div style=\"text-align:center;fill:#000000;height:60px;--highlight-color:#c15f13\" class=\"wp-block-orla-plus-icon-with-link icon-with-link wp-block-custom-icon\"><a class=\"custom-button__inner\" href=\"https:\/\/www.instagram.com\/reels\/DVQHalRiGPD\/\" target=\"_blank\" rel=\"noopener noreferrer\"><div class=\"icon-wrapper\" style=\"background:#f1ebd3\"><svg viewbox=\"0 0 64 64\" width=\"60\" height=\"60\" style=\"color:#000000;--icon-secondary:#f59951\" fill=\"#000000\"><g fill=\"none\" stroke=\"currentColor\" stroke-width=\"2.2\" stroke-linecap=\"round\" stroke-linejoin=\"round\"><path fill=\"var(--icon-secondary, #ffffff)\" d=\"M18 16 C18 14, 20 12, 22 12 L42 12 C44 12, 46 14, 46 16 L46 42 C46 44, 44 46, 42 46 L22 46 C20 46, 18 44, 18 42 Z\"><\/path><path d=\"M32 22 C36 22, 39 26, 37 30 C35 34, 29 34, 27 30 C25 26, 28 22, 32 22 Z\"><\/path><path d=\"M40 20 C41 20, 42 21, 41.5 22 C41 23, 39.5 23, 39 22 C38.5 21, 39 20, 40 20 Z\"><\/path><\/g><\/svg><\/div><\/a><\/div>\n<\/div>","protected":false},"excerpt":{"rendered":"<p>Todas as ter\u00e7as-feiras, encontramo-nos na Vale da Lama para cuidar da terra e aprofundar pr\u00e1ticas de agricultura regenerativa e recupera\u00e7\u00e3o de ecossistemas. Entre trabalho de campo, experimenta\u00e7\u00e3o e partilha de [&hellip;]<\/p>\n","protected":false},"author":1,"featured_media":0,"template":"","meta":{"_EventAllDay":false,"_EventTimezone":"","_EventStartDate":"","_EventEndDate":"","_EventStartDateUTC":"","_EventEndDateUTC":"","_EventShowMap":false,"_EventShowMapLink":false,"_EventURL":"","_EventCost":"","_EventCostDescription":"","_EventCurrencySymbol":"","_EventCurrencyCode":"","_EventCurrencyPosition":"","_EventDateTimeSeparator":"","_EventTimeRangeSeparator":"","_EventOrganizerID":[],"_EventVenueID":[],"_OrganizerEmail":"","_OrganizerPhone":"","_OrganizerWebsite":"","_VenueAddress":"","_VenueCity":"","_VenueCountry":"","_VenueProvince":"","_VenueState":"","_VenueZip":"","_VenuePhone":"","_VenueURL":"","_VenueStateProvince":"","_VenueLat":"","_VenueLng":"","_VenueShowMap":false,"_VenueShowMapLink":false,"organizer_name":"Vale da Lama","organizer_address":"","organizer_email":"","location_name":"Quinta Vale da Lama","location_address":"Odi\u00e1xere\nLagos\nPortugal ","hour":"10h \u00e0s 14h","weekday":"Ter\u00e7as-feiras","recurring_event_thumbnail":"https:\/\/orladesign.org\/wp-content\/uploads\/2026\/04\/DSC_0899-scaled-1.jpg"},"class_list":["post-733","recurring_event","type-recurring_event","status-publish","hentry"],"_links":{"self":[{"href":"https:\/\/orladesign.org\/en\/wp-json\/wp\/v2\/recurring_event\/733","targetHints":{"allow":["GET"]}}],"collection":[{"href":"https:\/\/orladesign.org\/en\/wp-json\/wp\/v2\/recurring_event"}],"about":[{"href":"https:\/\/orladesign.org\/en\/wp-json\/wp\/v2\/types\/recurring_event"}],"author":[{"embeddable":true,"href":"https:\/\/orladesign.org\/en\/wp-json\/wp\/v2\/users\/1"}],"wp:attachment":[{"href":"https:\/\/orladesign.org\/en\/wp-json\/wp\/v2\/media?parent=733"}],"curies":[{"name":"wp","href":"https:\/\/api.w.org\/{rel}","templated":true}]}}

<p>Todas as terças-feiras, encontramo-nos na Vale da Lama para cuidar da terra e aprofundar práticas de agricultura regenerativa e recuperação de ecossistemas. Entre trabalho de campo, experimentação e partilha de [&hellip;]</p>

Odiáxere
Lagos
Portugal

10h às 14h

Terças-feiras
